{"id":67,"date":"2025-06-10T09:16:04","date_gmt":"2025-06-10T09:16:04","guid":{"rendered":"http:\/\/maison-boisbio.local\/?page_id=67"},"modified":"2026-01-14T17:02:50","modified_gmt":"2026-01-14T17:02:50","slug":"nos-metiers","status":"publish","type":"page","link":"https:\/\/www.maisonboisetbio.fr\/index.php\/nos-metiers\/","title":{"rendered":"Nos m\u00e9tiers"},"content":{"rendered":"\n<div class=\"wp-block-group has-global-padding is-layout-constrained wp-block-group-is-layout-constrained\">\n<div class=\"wp-block-group is-layout-flow wp-block-group-is-layout-flow\">\n<div style=\"height:0px\" aria-hidden=\"true\" class=\"wp-block-spacer\"><\/div>\n\n\n\n<div class=\"wp-block-columns is-layout-flex wp-container-core-columns-is-layout-28f84493 wp-block-columns-is-layout-flex\">\n<div class=\"wp-block-column is-style-default is-layout-flow wp-block-column-is-layout-flow\" style=\"border-style:none;border-width:0px;padding-top:0;padding-right:0;padding-bottom:0;padding-left:0\">\n<figure class=\"wp-block-image size-full\"><img decoding=\"async\" src=\"https:\/\/www.maisonboisetbio.fr\/wp-content\/uploads\/2025\/06\/9.png\" alt=\"\" class=\"wp-image-48\"\/><\/figure>\n\n\n\n<h2 class=\"wp-block-heading\">Charpente traditionnelle<\/h2>\n\n\n\n<p>Nous privil\u00e9gions l\u2019utilisation de <strong>bois locaux ou r\u00e9gionaux<\/strong>, notamment le <strong>ch\u00eane<\/strong> et le <strong>douglas<\/strong>, pour concevoir des charpentes durables et authentiques.<br>Selon la nature du projet, la taille des pi\u00e8ces de bois peut \u00eatre r\u00e9alis\u00e9e directement dans notre atelier ou confi\u00e9e \u00e0 une <strong>entreprise partenaire sp\u00e9cialis\u00e9e<\/strong>.<\/p>\n\n\n\n<div class=\"wp-block-buttons is-layout-flex wp-block-buttons-is-layout-flex\">\n<div class=\"wp-block-button\"><a class=\"wp-block-button__link wp-element-button\" href=\"https:\/\/www.maisonboisetbio.fr\/index.php\/contact\/\">En savoir plus<\/a><\/div>\n<\/div>\n<\/div>\n\n\n\n<div class=\"wp-block-column is-style-default is-layout-flow wp-block-column-is-layout-flow\" style=\"border-style:none;border-width:0px;padding-top:0;padding-right:0;padding-bottom:0;padding-left:0\">\n<figure class=\"wp-block-image size-full\"><img decoding=\"async\" src=\"https:\/\/www.maisonboisetbio.fr\/wp-content\/uploads\/2025\/06\/2.png\" alt=\"\" class=\"wp-image-41\"\/><\/figure>\n\n\n\n<h2 class=\"wp-block-heading\">Construction ossature bois<\/h2>\n\n\n\n<p>Dans le m\u00eame esprit, nous favorisons l\u2019emploi d\u2019essences <strong>r\u00e9gionales<\/strong>, comme le <strong>douglas<\/strong>, pour nos structures \u00e0 ossature bois. Toutefois, selon les contraintes \u00e9conomiques ou techniques, nous pouvons \u00e9galement utiliser des bois issus de for\u00eats g\u00e9r\u00e9es durablement, comme l\u2019<strong>\u00e9pic\u00e9a du Nord de l\u2019Europe<\/strong>.<\/p>\n\n\n\n<div class=\"wp-block-buttons is-layout-flex wp-block-buttons-is-layout-flex\">\n<div class=\"wp-block-button\"><a class=\"wp-block-button__link wp-element-button\" href=\"https:\/\/www.maisonboisetbio.fr\/index.php\/contact\/\">En savoir plus<\/a><\/div>\n<\/div>\n<\/div>\n\n\n\n<div class=\"wp-block-column is-style-default is-layout-flow wp-block-column-is-layout-flow\" style=\"border-style:none;border-width:0px;padding-top:0;padding-right:0;padding-bottom:0;padding-left:0\">\n<figure class=\"wp-block-image size-full\"><img decoding=\"async\" src=\"https:\/\/www.maisonboisetbio.fr\/wp-content\/uploads\/2025\/06\/12.png\" alt=\"\" class=\"wp-image-51\"\/><\/figure>\n\n\n\n<h2 class=\"wp-block-heading\">Isolation int\u00e9rieure<\/h2>\n\n\n\n<p>Nous travaillons principalement avec des <strong>isolants biosourc\u00e9s<\/strong> tels que la <strong>fibre de bois<\/strong>, le <strong>coton recycl\u00e9<\/strong>, les <strong>laines mixtes<\/strong> (chanvre, bois, lin), ou encore la <strong>ouate de cellulose<\/strong>.<br>Nous pouvons \u00e9galement proposer des solutions alternatives comme la <strong>laine de chanvre<\/strong> ou la <strong>paille hach\u00e9e<\/strong>.<br>Ces mat\u00e9riaux se distinguent par leur capacit\u00e9 \u00e0 <strong>r\u00e9guler naturellement l\u2019humidit\u00e9<\/strong> dans les murs et plafonds, pour un habitat plus sain et confortable.<\/p>\n\n\n\n<div class=\"wp-block-buttons is-layout-flex wp-block-buttons-is-layout-flex\">\n<div class=\"wp-block-button\"><a class=\"wp-block-button__link wp-element-button\" href=\"https:\/\/www.maisonboisetbio.fr\/index.php\/contact\/\">En savoir plus<\/a><\/div>\n<\/div>\n<\/div>\n<\/div>\n\n\n\n<div style=\"height:100px\" aria-hidden=\"true\" class=\"wp-block-spacer\"><\/div>\n\n\n\n<div class=\"wp-block-columns is-layout-flex wp-container-core-columns-is-layout-28f84493 wp-block-columns-is-layout-flex\">\n<div class=\"wp-block-column is-style-default is-layout-flow wp-block-column-is-layout-flow\" style=\"border-style:none;border-width:0px;padding-top:0;padding-right:0;padding-bottom:0;padding-left:0\">\n<figure class=\"wp-block-image size-full\"><img decoding=\"async\" src=\"https:\/\/www.maisonboisetbio.fr\/wp-content\/uploads\/2025\/06\/18.png\" alt=\"\" class=\"wp-image-57\"\/><\/figure>\n\n\n\n<h2 class=\"wp-block-heading\">Isolation ext\u00e9rieure<\/h2>\n\n\n\n<p>Nous utilisons exclusivement des panneaux en <strong>fibre de bois<\/strong>, reconnus pour leur <strong>fort pouvoir de d\u00e9phasage thermique<\/strong> : ils retardent efficacement l\u2019entr\u00e9e de la chaleur en \u00e9t\u00e9, contrairement \u00e0 des solutions plus r\u00e9pandues comme le polystyr\u00e8ne.<br>Cette isolation peut ensuite \u00eatre <strong>enduite<\/strong> ou <strong>rev\u00eatue d\u2019un bardage ventil\u00e9<\/strong> (bois, fibre-ciment, etc.), selon vos envies architecturales.<\/p>\n\n\n\n<div class=\"wp-block-buttons is-layout-flex wp-block-buttons-is-layout-flex\">\n<div class=\"wp-block-button\"><a class=\"wp-block-button__link wp-element-button\" href=\"https:\/\/www.maisonboisetbio.fr\/index.php\/contact\/\">En savoir plus<\/a><\/div>\n<\/div>\n<\/div>\n\n\n\n<div class=\"wp-block-column is-style-default is-layout-flow wp-block-column-is-layout-flow\" style=\"border-style:none;border-width:0px;padding-top:0;padding-right:0;padding-bottom:0;padding-left:0\">\n<figure class=\"wp-block-image size-full\"><img decoding=\"async\" src=\"https:\/\/www.maisonboisetbio.fr\/wp-content\/uploads\/2025\/06\/20.png\" alt=\"\" class=\"wp-image-59\"\/><\/figure>\n\n\n\n<h2 class=\"wp-block-heading\">Ventilation double-flux<\/h2>\n\n\n\n<p>Souvent n\u00e9glig\u00e9e dans les projets de r\u00e9novation, la <strong>ventilation<\/strong> est pourtant essentielle pour assurer un bon <strong>confort thermique<\/strong> et <strong>ma\u00eetriser l\u2019humidit\u00e9<\/strong> int\u00e9rieure.<br>\u00c0 la diff\u00e9rence d\u2019une VMC simple flux (hygro A ou B), un syst\u00e8me <strong>double flux<\/strong> est dot\u00e9 d\u2019un <strong>\u00e9changeur thermique<\/strong>. En hiver, l\u2019air extrait r\u00e9chauffe l\u2019air entrant, en \u00e9t\u00e9, l\u2019air int\u00e9rieur plus temp\u00e9r\u00e9 permet de rafra\u00eechir l\u2019air entrant.<\/p>\n\n\n\n<p>R\u00e9sultat : <strong>moins de d\u00e9perditions \u00e9nerg\u00e9tiques<\/strong>, et un meilleur confort en toute saison.<\/p>\n\n\n\n<div class=\"wp-block-buttons is-layout-flex wp-block-buttons-is-layout-flex\">\n<div class=\"wp-block-button\"><a class=\"wp-block-button__link wp-element-button\" href=\"https:\/\/www.maisonboisetbio.fr\/index.php\/contact\/\">En savoir plus<\/a><\/div>\n<\/div>\n<\/div>\n\n\n\n<div class=\"wp-block-column is-style-default is-layout-flow wp-block-column-is-layout-flow\" style=\"border-style:none;border-width:0px;padding-top:0;padding-right:0;padding-bottom:0;padding-left:0\">\n<figure class=\"wp-block-image size-full\"><img decoding=\"async\" src=\"https:\/\/www.maisonboisetbio.fr\/wp-content\/uploads\/2025\/06\/4.png\" alt=\"\" class=\"wp-image-43\"\/><\/figure>\n\n\n\n<h2 class=\"wp-block-heading\">Construction \/ R\u00e9novation<\/h2>\n\n\n\n<p>Que vous partiez de l&rsquo;existant ou que vous souhaitiez d\u00e9marrer un nouveau projet, notre \u00e9quipe vous accompagne. Contactez-nous.<\/p>\n\n\n\n<div class=\"wp-block-buttons is-layout-flex wp-block-buttons-is-layout-flex\">\n<div class=\"wp-block-button\"><a class=\"wp-block-button__link wp-element-button\" href=\"https:\/\/www.maisonboisetbio.fr\/index.php\/contact\/\">En savoir plus<\/a><\/div>\n<\/div>\n<\/div>\n<\/div>\n\n\n\n<div style=\"height:82px\" aria-hidden=\"true\" class=\"wp-block-spacer\"><\/div>\n<\/div>\n<\/div>\n\n\n\n<p><\/p>\n","protected":false},"excerpt":{"rendered":"<p>Charpente traditionnelle Nous privil\u00e9gions l\u2019utilisation de bois locaux ou r\u00e9gionaux, notamment le ch\u00eane et le douglas, pour concevoir des charpentes durables et authentiques.Selon la nature du projet, la taille des pi\u00e8ces de bois peut \u00eatre r\u00e9alis\u00e9e directement dans notre atelier ou confi\u00e9e \u00e0 une entreprise partenaire sp\u00e9cialis\u00e9e. Construction ossature bois Dans le m\u00eame esprit, nous &hellip; <\/p>\n<p class=\"link-more\"><a href=\"https:\/\/www.maisonboisetbio.fr\/index.php\/nos-metiers\/\" class=\"more-link\">Lire la suite de<span class=\"screen-reader-text\">\u00ab\u00a0Nos m\u00e9tiers\u00a0\u00bb<\/span><\/a><\/p>\n","protected":false},"author":1,"featured_media":216,"parent":0,"menu_order":0,"comment_status":"closed","ping_status":"closed","template":"","meta":{"footnotes":""},"class_list":["post-67","page","type-page","status-publish","has-post-thumbnail","hentry"],"featured_media_urls":{"thumbnail":["https:\/\/www.maisonboisetbio.fr\/wp-content\/uploads\/2025\/12\/image-ble-950x320-1-150x150.jpg",150,150,true],"medium":["https:\/\/www.maisonboisetbio.fr\/wp-content\/uploads\/2025\/12\/image-ble-950x320-1-300x101.jpg",300,101,true],"medium_large":["https:\/\/www.maisonboisetbio.fr\/wp-content\/uploads\/2025\/12\/image-ble-950x320-1.jpg",768,259,false],"large":["https:\/\/www.maisonboisetbio.fr\/wp-content\/uploads\/2025\/12\/image-ble-950x320-1.jpg",950,320,false],"1536x1536":["https:\/\/www.maisonboisetbio.fr\/wp-content\/uploads\/2025\/12\/image-ble-950x320-1.jpg",950,320,false],"2048x2048":["https:\/\/www.maisonboisetbio.fr\/wp-content\/uploads\/2025\/12\/image-ble-950x320-1.jpg",950,320,false],"inspiro-featured-image":["https:\/\/www.maisonboisetbio.fr\/wp-content\/uploads\/2025\/12\/image-ble-950x320-1.jpg",950,320,false],"inspiro-loop":["https:\/\/www.maisonboisetbio.fr\/wp-content\/uploads\/2025\/12\/image-ble-950x320-1-950x320.jpg",950,320,true],"inspiro-loop@2x":["https:\/\/www.maisonboisetbio.fr\/wp-content\/uploads\/2025\/12\/image-ble-950x320-1.jpg",950,320,false],"portfolio_item-thumbnail":["https:\/\/www.maisonboisetbio.fr\/wp-content\/uploads\/2025\/12\/image-ble-950x320-1-600x320.jpg",600,320,true],"portfolio_item-thumbnail@2x":["https:\/\/www.maisonboisetbio.fr\/wp-content\/uploads\/2025\/12\/image-ble-950x320-1.jpg",950,320,false],"portfolio_item-masonry":["https:\/\/www.maisonboisetbio.fr\/wp-content\/uploads\/2025\/12\/image-ble-950x320-1-600x202.jpg",600,202,true],"portfolio_item-masonry@2x":["https:\/\/www.maisonboisetbio.fr\/wp-content\/uploads\/2025\/12\/image-ble-950x320-1.jpg",950,320,false],"portfolio_item-thumbnail_cinema":["https:\/\/www.maisonboisetbio.fr\/wp-content\/uploads\/2025\/12\/image-ble-950x320-1-800x320.jpg",800,320,true],"portfolio_item-thumbnail_portrait":["https:\/\/www.maisonboisetbio.fr\/wp-content\/uploads\/2025\/12\/image-ble-950x320-1-600x320.jpg",600,320,true],"portfolio_item-thumbnail_portrait@2x":["https:\/\/www.maisonboisetbio.fr\/wp-content\/uploads\/2025\/12\/image-ble-950x320-1.jpg",950,320,false],"portfolio_item-thumbnail_square":["https:\/\/www.maisonboisetbio.fr\/wp-content\/uploads\/2025\/12\/image-ble-950x320-1-800x320.jpg",800,320,true]},"_links":{"self":[{"href":"https:\/\/www.maisonboisetbio.fr\/index.php\/wp-json\/wp\/v2\/pages\/67","targetHints":{"allow":["GET"]}}],"collection":[{"href":"https:\/\/www.maisonboisetbio.fr\/index.php\/wp-json\/wp\/v2\/pages"}],"about":[{"href":"https:\/\/www.maisonboisetbio.fr\/index.php\/wp-json\/wp\/v2\/types\/page"}],"author":[{"embeddable":true,"href":"https:\/\/www.maisonboisetbio.fr\/index.php\/wp-json\/wp\/v2\/users\/1"}],"replies":[{"embeddable":true,"href":"https:\/\/www.maisonboisetbio.fr\/index.php\/wp-json\/wp\/v2\/comments?post=67"}],"version-history":[{"count":3,"href":"https:\/\/www.maisonboisetbio.fr\/index.php\/wp-json\/wp\/v2\/pages\/67\/revisions"}],"predecessor-version":[{"id":237,"href":"https:\/\/www.maisonboisetbio.fr\/index.php\/wp-json\/wp\/v2\/pages\/67\/revisions\/237"}],"wp:featuredmedia":[{"embeddable":true,"href":"https:\/\/www.maisonboisetbio.fr\/index.php\/wp-json\/wp\/v2\/media\/216"}],"wp:attachment":[{"href":"https:\/\/www.maisonboisetbio.fr\/index.php\/wp-json\/wp\/v2\/media?parent=67"}],"curies":[{"name":"wp","href":"https:\/\/api.w.org\/{rel}","templated":true}]}}