{"id":9,"date":"2025-06-09T15:46:47","date_gmt":"2025-06-09T15:46:47","guid":{"rendered":"http:\/\/maison-boisbio.local\/?page_id=9"},"modified":"2026-01-14T17:09:51","modified_gmt":"2026-01-14T17:09:51","slug":"contact","status":"publish","type":"page","link":"https:\/\/www.maisonboisetbio.fr\/index.php\/contact\/","title":{"rendered":"Contact"},"content":{"rendered":"\n<div style=\"height:19px\" aria-hidden=\"true\" class=\"wp-block-spacer\"><\/div>\n\n\n\n<div class=\"wp-block-group has-global-padding is-layout-constrained wp-block-group-is-layout-constrained\">\n<div class=\"wp-block-columns are-vertically-aligned-top is-layout-flex wp-container-core-columns-is-layout-d7d455e7 wp-block-columns-is-layout-flex\" style=\"padding-top:0;padding-right:0;padding-bottom:0;padding-left:0\">\n<div class=\"wp-block-column is-vertically-aligned-top is-layout-flow wp-block-column-is-layout-flow\" style=\"padding-right:7%;flex-basis:50%\">\n<p class=\"has-text-color\" style=\"color:#668018\">Prenez rendez-vous !<\/p>\n\n\n\n<h2 class=\"wp-block-heading has-large-font-size\">Pr\u00eat \u00e0 attaquer un nouveau projet ?<\/h2>\n\n\n\n<p>Votre projet est pr\u00eat \u00e0 \u00eatre r\u00e9alis\u00e9, ou vous \u00eates encore en pleine r\u00e9flexion ? Besoin d&rsquo;\u00e9l\u00e9ments de devis ? <\/p>\n\n\n\n<p>Prenons le temps d&rsquo;\u00e9changer et de construire ensemble les solutions qui vous ressemblent.<br><\/p>\n<\/div>\n\n\n\n<div class=\"wp-block-column is-vertically-aligned-top is-layout-flow wp-block-column-is-layout-flow\" style=\"flex-basis:50%\"><style>#wpzf-73 + .notice { margin-top: 20px; padding: 15px; border-radius: 4px; }#wpzf-73 + .notice.success { background-color: #e7f7ed; color: #227045; border-left: 4px solid #46b450; }#wpzf-73 + .notice.error { background-color: #fde8e8; color: #8a1f11; border-left: 4px solid #cc0000; }#wpzf-73 + .notice p { margin: 0; }<\/style><!-- ZOOM Forms Start -->\n\t\t\t<form id=\"wpzf-73\" method=\"post\" action=\"https:\/\/www.maisonboisetbio.fr\/wp-admin\/admin-post.php\" class=\"wpzoom-forms_form\">\n\t\t\t<input type=\"hidden\" name=\"action\" value=\"wpzf_submit\" \/>\n\t\t\t<input type=\"hidden\" name=\"form_id\" value=\"73\" \/>\n\t\t\t<input type=\"hidden\" id=\"_wpnonce\" name=\"_wpnonce\" value=\"372cb89aeb\" \/><input type=\"hidden\" name=\"_wp_http_referer\" value=\"\/index.php\/wp-json\/wp\/v2\/pages\/9\" \/>\n\t\t\t\n<div class=\"wp-block-wpzoom-forms-form\">\n<div class=\"wp-block-group\">\n<div class=\"wp-block-columns\">\n<div class=\"wp-block-column\" style=\"flex-basis:100%\">\n<label for=\"input_name\"><label for=\"input_name\">Nom<\/label><sup class=\"wp-block-wpzoom-forms-required\">*<\/sup><\/label><input type=\"text\" name=\"wpzf_input_name\" id=\"input_name\" placeholder=\"Votre nom\" required class=\"wp-block-wpzoom-forms-text-name-field fullwidth\"\/>\n\n\n\n<label for=\"input_email\"><label for=\"input_email\">Email<\/label><sup class=\"wp-block-wpzoom-forms-required\">*<\/sup><\/label><input type=\"email\" name=\"wpzf_input_email\" id=\"input_email\" placeholder=\"\" required data-replyto=\"true\" class=\"wp-block-wpzoom-forms-text-email-field fullwidth\"\/>\n\n\n\n<label for=\"input_d37100a0\"><label for=\"input_d37100a0\">Message<\/label><sup class=\"wp-block-wpzoom-forms-required\">*<\/sup><\/label><textarea name=\"wpzf_input_d37100a0\" id=\"input_d37100a0\" cols=\"55\" rows=\"10\" placeholder=\"R\u00e9digez votre message, votre demande ...\" required class=\"wp-block-wpzoom-forms-textarea-field fullwidth\"><\/textarea>\n<\/div>\n<\/div>\n\n\n\n<div class=\"wp-block-columns\">\n<div class=\"wp-block-column\" style=\"flex-basis:30%\">\n<input type=\"submit\" id=\"input_submit\" value=\"Envoyer\" class=\"wp-block-wpzoom-forms-submit-field\"\/>\n<\/div>\n\n\n\n<div class=\"wp-block-column\" style=\"flex-basis:70%\">\n<p class=\"has-text-align-right\" style=\"font-size:16px\">Les champs marqu\u00e9s avec <strong class=\"has-accent-color has-text-color\">*<\/strong> sont requis.<\/p>\n<\/div>\n<\/div>\n<\/div>\n<\/div>\n\n\t\t\t<input type=\"hidden\" name=\"wpzf_replyto\" value=\"wpzf_input_email\" \/><\/form>\n\t\t\t\n\t\t\t<!-- ZOOM Forms End --><\/div>\n<\/div>\n<\/div>\n\n\n\n<div class=\"wp-block-group alignfull has-global-padding is-layout-constrained wp-container-core-group-is-layout-19e250f3 wp-block-group-is-layout-constrained\">\n<div class=\"wp-block-columns alignfull are-vertically-aligned-center has-light-background-background-color has-background is-layout-flex wp-container-core-columns-is-layout-dd282781 wp-block-columns-is-layout-flex\" style=\"padding-top:0;padding-right:0;padding-bottom:0;padding-left:0\">\n<div class=\"wp-block-column is-vertically-aligned-center map-grayscale is-layout-flow wp-block-column-is-layout-flow\" style=\"flex-basis:50%\">\n<figure class=\"wp-block-image size-large\"><a href=\"https:\/\/www.google.fr\/maps\/place\/MAISON+BOIS+et+BIO\/@45.6151768,-1.0087242,17z\/data=!3m1!4b1!4m6!3m5!1s0x4801776c8b4c5c1f:0xeb0e1d663d473bff!8m2!3d45.6151731!4d-1.0061493!16s%2Fg%2F11x0h51z0l?hl=fr&amp;entry=ttu&amp;g_ep=EgoyMDI1MDYxMS4wIKXMDSoASAFQAw%3D%3D\" target=\"_blank\" rel=\" noreferrer noopener\"><img decoding=\"async\" src=\"https:\/\/www.google.com\/maps\/vt\/data=PzV2WW10ivVxCuilr5vIm-tuEeI6ymjIPpHR2Y5dWqH8bUCpPAqF3oDSjKBg1-aRENEcbuB8rZQe28aH0DGW2n1CJPMAxdBjTfPwXWQyv079adBJjtjDcYlkGusYBFCGAoYj6ZThNQSpveegYIMUU48oWoa6pb2HPm6xQCqmN7OD7631RPBkLu9B56OOiNSuCFXctOydVjGSoxF8ECCl8Xv4GdRPLspzaoDwKT0300fvsaOdE7nONywBy9h1bhI8RI1iZ0zdLJ20RiwhdnzD3piis5guMR4j\" alt=\"\"\/><\/a><\/figure>\n<\/div>\n\n\n\n<div class=\"wp-block-column is-vertically-aligned-center is-layout-flow wp-block-column-is-layout-flow\" style=\"padding-top:var(--wp--preset--spacing--small);padding-right:var(--wp--preset--spacing--small);padding-bottom:var(--wp--preset--spacing--small);padding-left:2%;flex-basis:50%\">\n<h3 class=\"wp-block-heading has-large-font-size\">Maison Bois&amp;Bio<\/h3>\n\n\n\n<h3 class=\"wp-block-heading\"><strong>Ad<\/strong>resse<\/h3>\n\n\n\n<p>all\u00e9e du Parc, 17200 ROYAN<\/p>\n\n\n\n<h3 class=\"wp-block-heading\"><strong>Email<\/strong><\/h3>\n\n\n\n<p>\u00e0 venir<\/p>\n\n\n\n<h3 class=\"wp-block-heading\">T\u00e9l\u00e9p<strong>hone<\/strong><\/h3>\n\n\n\n<p>06 86 16 44 08<\/p>\n<\/div>\n<\/div>\n<\/div>\n\n\n\n<div class=\"wp-block-group is-layout-flow wp-block-group-is-layout-flow\">\n<div class=\"wp-block-group is-layout-flow wp-block-group-is-layout-flow\">\n<div style=\"height:69px\" aria-hidden=\"true\" class=\"wp-block-spacer\"><\/div>\n\n\n\n<div class=\"wp-block-columns is-layout-flex wp-container-core-columns-is-layout-28f84493 wp-block-columns-is-layout-flex\">\n<div class=\"wp-block-column is-layout-flow wp-block-column-is-layout-flow\">\n<p class=\"has-text-align-left has-text-color\" style=\"color:#668018\">NOTRE ZONE D&rsquo;INTERVENTION<\/p>\n\n\n\n<p>Nous pouvons intervenir dans une large zone tout autour de Royan. Contactez-nous pour savoir si nous pouvons intervenir chez vous.<\/p>\n<\/div>\n<\/div>\n\n\n\n<div style=\"height:52px\" aria-hidden=\"true\" class=\"wp-block-spacer\"><\/div>\n<\/div>\n<\/div>\n\n\n\n<p><\/p>\n","protected":false},"excerpt":{"rendered":"<p>Prenez rendez-vous ! Pr\u00eat \u00e0 attaquer un nouveau projet ? Votre projet est pr\u00eat \u00e0 \u00eatre r\u00e9alis\u00e9, ou vous \u00eates encore en pleine r\u00e9flexion ? Besoin d&rsquo;\u00e9l\u00e9ments de devis ? Prenons le temps d&rsquo;\u00e9changer et de construire ensemble les solutions qui vous ressemblent. Maison Bois&amp;Bio Adresse all\u00e9e du Parc, 17200 ROYAN Email \u00e0 venir T\u00e9l\u00e9phone &hellip; <\/p>\n<p class=\"link-more\"><a href=\"https:\/\/www.maisonboisetbio.fr\/index.php\/contact\/\" class=\"more-link\">Lire la suite de<span class=\"screen-reader-text\">\u00ab\u00a0Contact\u00a0\u00bb<\/span><\/a><\/p>\n","protected":false},"author":1,"featured_media":241,"parent":0,"menu_order":0,"comment_status":"closed","ping_status":"closed","template":"","meta":{"footnotes":""},"class_list":["post-9","page","type-page","status-publish","has-post-thumbnail","hentry"],"featured_media_urls":{"thumbnail":["https:\/\/www.maisonboisetbio.fr\/wp-content\/uploads\/2026\/01\/24-e1768410584567-150x150.png",150,150,true],"medium":["https:\/\/www.maisonboisetbio.fr\/wp-content\/uploads\/2026\/01\/24-e1768410584567-300x143.png",300,143,true],"medium_large":["https:\/\/www.maisonboisetbio.fr\/wp-content\/uploads\/2026\/01\/24-e1768410584567-768x367.png",768,367,true],"large":["https:\/\/www.maisonboisetbio.fr\/wp-content\/uploads\/2026\/01\/24-e1768410584567.png",900,430,false],"1536x1536":["https:\/\/www.maisonboisetbio.fr\/wp-content\/uploads\/2026\/01\/24-e1768410584567.png",900,430,false],"2048x2048":["https:\/\/www.maisonboisetbio.fr\/wp-content\/uploads\/2026\/01\/24-e1768410584567.png",900,430,false],"inspiro-featured-image":["https:\/\/www.maisonboisetbio.fr\/wp-content\/uploads\/2026\/01\/24-e1768410584567.png",900,430,false],"inspiro-loop":["https:\/\/www.maisonboisetbio.fr\/wp-content\/uploads\/2026\/01\/24-e1768410584567-900x320.png",900,320,true],"inspiro-loop@2x":["https:\/\/www.maisonboisetbio.fr\/wp-content\/uploads\/2026\/01\/24-e1768410584567.png",900,430,false],"portfolio_item-thumbnail":["https:\/\/www.maisonboisetbio.fr\/wp-content\/uploads\/2026\/01\/24-e1768410584567-600x400.png",600,400,true],"portfolio_item-thumbnail@2x":["https:\/\/www.maisonboisetbio.fr\/wp-content\/uploads\/2026\/01\/24-e1768410584567.png",900,430,false],"portfolio_item-masonry":["https:\/\/www.maisonboisetbio.fr\/wp-content\/uploads\/2026\/01\/24-e1768410584567-600x287.png",600,287,true],"portfolio_item-masonry@2x":["https:\/\/www.maisonboisetbio.fr\/wp-content\/uploads\/2026\/01\/24-e1768410584567.png",900,430,false],"portfolio_item-thumbnail_cinema":["https:\/\/www.maisonboisetbio.fr\/wp-content\/uploads\/2026\/01\/24-e1768410584567-800x335.png",800,335,true],"portfolio_item-thumbnail_portrait":["https:\/\/www.maisonboisetbio.fr\/wp-content\/uploads\/2026\/01\/24-e1768410584567-600x430.png",600,430,true],"portfolio_item-thumbnail_portrait@2x":["https:\/\/www.maisonboisetbio.fr\/wp-content\/uploads\/2026\/01\/24-e1768410584567.png",900,430,false],"portfolio_item-thumbnail_square":["https:\/\/www.maisonboisetbio.fr\/wp-content\/uploads\/2026\/01\/24-e1768410584567-800x430.png",800,430,true]},"_links":{"self":[{"href":"https:\/\/www.maisonboisetbio.fr\/index.php\/wp-json\/wp\/v2\/pages\/9","targetHints":{"allow":["GET"]}}],"collection":[{"href":"https:\/\/www.maisonboisetbio.fr\/index.php\/wp-json\/wp\/v2\/pages"}],"about":[{"href":"https:\/\/www.maisonboisetbio.fr\/index.php\/wp-json\/wp\/v2\/types\/page"}],"author":[{"embeddable":true,"href":"https:\/\/www.maisonboisetbio.fr\/index.php\/wp-json\/wp\/v2\/users\/1"}],"replies":[{"embeddable":true,"href":"https:\/\/www.maisonboisetbio.fr\/index.php\/wp-json\/wp\/v2\/comments?post=9"}],"version-history":[{"count":2,"href":"https:\/\/www.maisonboisetbio.fr\/index.php\/wp-json\/wp\/v2\/pages\/9\/revisions"}],"predecessor-version":[{"id":240,"href":"https:\/\/www.maisonboisetbio.fr\/index.php\/wp-json\/wp\/v2\/pages\/9\/revisions\/240"}],"wp:featuredmedia":[{"embeddable":true,"href":"https:\/\/www.maisonboisetbio.fr\/index.php\/wp-json\/wp\/v2\/media\/241"}],"wp:attachment":[{"href":"https:\/\/www.maisonboisetbio.fr\/index.php\/wp-json\/wp\/v2\/media?parent=9"}],"curies":[{"name":"wp","href":"https:\/\/api.w.org\/{rel}","templated":true}]}}